5 and 13.
13
Calculate the greatest common factor of 14238 and 252.
126
Calculate the highest common divisor of 253 and 99.
11
What is the highest common factor of 78 and 117?
39
What is the highest common factor of 404 and 4?
4
Calculate the highest common factor of 418 and 57893.
209
What is the highest common divisor of 120 and 24?
24
Calculate the highest common divisor of 640 and 560.
80
What is the highest common factor of 522 and 18?
18
What is the greatest common divisor of 640 and 1408?
128
What is the highest common factor of 161 and 46?
23
What is the greatest common divisor of 45 and 150?
15
Calculate the greatest common divisor of 480 and 15.
15
Calculate the highest common divisor of 136 and 34.
34
What is the highest common divisor of 234 and 66?
6
Calculate the highest common factor of 195 and 78.
39
Calculate the highest common divisor of 177 and 19765.
59
What is the highest common factor of 12 and 366?
6
Calculate the highest common factor of 15229 and 194.
97
What is the highest common factor of 1007 and 190?
19
What is the highest common divisor of 4 and 22?
2
What is the greatest common divisor of 464 and 551?
29
Calculate the greatest common factor of 5 and 115.
5
What is the highest common factor of 74 and 1517?
37
Calculate the highest common divisor of 153 and 493.
17
What is the greatest common divisor of 84 and 500?
4
Calculate the highest common divisor of 15 and 15.
15
What is the highest common divisor of 55 and 231?
11
Calculate the greatest common divisor of 98 and 56.
14
What is the greatest common factor of 2085 and 30?
15
Calculate the greatest common divisor of 33444 and 54.
18
What is the highest common factor of 15 and 730?
5
What is the greatest common divisor of 378 and 162?
54
What is the highest common divisor of 12 and 252?
12
Calculate the highest common divisor of 160 and 1280.
160
Calculate the highest common divisor of 75 and 3.
3
What is the highest common divisor of 9 and 3?
3
What is the highest common factor of 707 and 2929?
101
What is the greatest common factor of 130 and 1105?
65
Calculate the highest common factor of 440 and 990.
110
What is the highest common divisor of 319 and 11?
11
What is the highest common divisor of 759 and 1023?
33
What is the highest common divisor of 57 and 1767?
57
What is the highest common divisor of 2772 and 336?
84
What is the greatest common factor of 2121 and 505?
101
Calculate the greatest common factor of 80 and 45400.
40
What is the highest common divisor of 8 and 5564?
4
Calculate the greatest common factor of 715 and 1210.
55
What is the greatest common factor of 3 and 81?
3
Calculate the greatest common factor of 543 and 6.
3
What is the highest common factor of 130 and 10?
10
Calculate the highest common divisor of 14700 and 28.
28
Calculate the highest common factor of 355 and 2627.
71
What is the greatest common factor of 1276 and 580?
116
Calculate the greatest common divisor of 57 and 105.
3
Calculate the highest common divisor of 3536 and 238.
34
Calculate the greatest common divisor of 9 and 8649.
9
What is the greatest common factor of 11290 and 10?
10
What is the highest common divisor of 147 and 63357?
147
Calculate the greatest common divisor of 861 and 21.
21
What is the highest common factor of 836 and 132?
44
Calculate the greatest common factor of 126 and 518.
14
Calculate the greatest common divisor of 6205 and 85.
85
What is the greatest common factor of 175 and 11725?
175
What is the greatest common factor of 6172 and 12?
4
Calculate the greatest common factor of 60 and 408.
12
Calculate the highest common divisor of 6877 and 92.
23
Calculate the highest common factor of 70 and 5990.
10
Calculate the greatest common factor of 12 and 75.
3
Calculate the highest common factor of 153 and 4743.
153
What is the greatest common factor of 3406 and 598?
26
What is the highest common divisor of 3768 and 16?
8
Calculate the greatest common factor of 828 and 54.
18
Calculate the highest common divisor of 2156 and 9856.
308
What is the highest common divisor of 48 and 48?
48
Calculate the highest common factor of 3339 and 63.
63
What is the greatest common factor of 3450 and 46?
46
What is the greatest common divisor of 1377 and 3?
3
Calculate the highest common factor of 170 and 68.
34
What is the greatest common factor of 9854 and 130?
26
Calculate the highest common divisor of 5880 and 105.
105
Calculate the greatest common factor of 161 and 287.
7
Calculate the highest common divisor of 87 and 3712.
29
What is the highest common factor of 62 and 95?
1
Calculate the highest common divisor of 37 and 1406.
37
Calculate the greatest common divisor of 1755 and 39.
39
What is the highest common divisor of 19180 and 140?
140
Calculate the greatest common factor of 2107 and 43.
43
What is the highest common factor of 47847 and 123?
123
What is the highest common factor of 17 and 51?
17
What is the highest common divisor of 312 and 712?
8
Calculate the highest common factor of 4075 and 50.
25
What is the highest common divisor of 2519 and 1145?
229
What is the highest common divisor of 198 and 22?
22
What is the greatest common divisor of 11724 and 24?
12
What is the highest common factor of 50 and 10?
10
Calculate the highest common divisor of 273 and 78.
39
Calculate the highest common factor of 43 and 1763.
43
What is the greatest common factor of 2310 and 4200?
210
Calculate the greatest common factor of 1342 and 44.
22
What is the highest common factor of 88 and 2552?
88
Calculate the greatest common factor of 2240 and 192.
64
What is the highest common factor of 1155 and 77?
77
What is the highest common divisor of 15 and 3183?
3
Calculate the highest common divisor of 846 and 235.
47
What is the highest common divisor of 55 and 5335?
55
What is the greatest common divisor of 2304 and 9?
9
What is the greatest common divisor of 15488 and 44?
44
Calculate the greatest common factor of 1280 and 2368.
64
Calculate the greatest common divisor of 144 and 126.
18
Calculate the greatest common divisor of 295 and 10.
5
Calculate the greatest common divisor of 117 and 429.
39
What is the highest common factor of 304 and 646?
38
Calculate the highest common factor of 171 and 19.
19
What is the highest common factor of 71 and 11147?
71
What is the greatest common factor of 10368 and 256?
128
Calculate the highest common divisor of 1040 and 64.
16
Calculate the highest common factor of 125 and 1100.
25
Calculate the greatest common divisor of 9 and 6.
3
What is the greatest common factor of 30 and 117660?
30
What is the highest common factor of 609 and 348?
87
What is the greatest common factor of 3 and 12?
3
Calculate the highest common divisor of 1575 and 10080.
315
Calculate the greatest common divisor of 7799 and 33.
11
Calculate the highest common factor of 39 and 9165.
39
What is the greatest common divisor of 32 and 24?
8
Calculate the highest common divisor of 23 and 184.
23
Calculate the greatest common divisor of 21 and 2625.
21
What is the highest common divisor of 147 and 2352?
147
What is the highest common factor of 3683 and 508?
127
What is the highest common divisor of 1274 and 26?
26
What is the highest common factor of 6 and 216?
6
What is the greatest common divisor of 1740 and 240?
60
What is the greatest common factor of 98 and 84966?
98
Calculate the greatest common factor of 876 and 12.
12
Calculate the highest common divisor of 147 and 9.
3
What is the greatest common factor of 777 and 21?
21
Calculate the greatest common factor of 275 and 77.
11
What is the greatest common factor of 2494 and 1720?
86
Calculate the greatest common factor of 27 and 2556.
9
Calculate the highest common divisor of 3570 and 28.
14
What is the highest common factor of 1236 and 24?
12
What is the highest common factor of 90 and 1385?
5
What is the greatest common divisor of 501 and 8?
1
Calculate the highest common factor of 9400 and 20.
20
Calculate the greatest common factor of 60 and 15.
15
Calculate the highest common factor of 130 and 80.
10
Calculate the greatest common divisor of 10063 and 87.
29
What is the highest common divisor of 1232 and 11?
11
Calculate the greatest common factor of 92 and 12.
4
Calculate the highest common divisor of 